*f**2. Let q be v(-13). Suppose 4*n + 5*w - 467 = 0, q*n + 2*n + 2*w - 588 = 0. What is the units digit of n?
8
Suppose -1941*q = -1968*q + 415665. What is the tens digit of q?
9
Let w = 107318 - 75328. What is the tens digit of w?
9
Suppose -11990*c - 211572 = -12002*c. What is the tens digit of c?
3
Let d = -140 - -41. What is the hundreds digit of ((-182)/21 - 4)*d/2?
6
Let i(h) = h**3 + 6*h**2 + h + 3. Let t = -15 - -19. Suppose -n = 1 + t. What is the units digit of i(n)?
3
Let z = 16369 + 18191. What is the thousands digit of z?
4
Let i be -1*(4 + (-1 - 3)). Suppose -5*r = -i*q + 4*q + 1500, -5*r + 4*q = 1500. Let p = -194 - r. What is the tens digit of p?
0
Let x(u) = -u**2 + 2*u + 4. Let o be (9/(-6))/((-15)/20). Let m be x(o). Suppose -3*s + m*s + 5*t - 112 = 0, 3*s + 2*t = 401. What is the hundreds digit of s?
1
Let v = -147 + 26. Let r = v - -147. What is the tens digit of r?
2
Let x = 44153 - 1418. What is the tens digit of x?
3
Suppose y - 13 = 4*h - 59, 2*h = -4*y + 14. Suppose -m + t = -h - 8, -5*m + 3*t = -93. Suppose 4*c - m = 58. What is the units digit of c?
9
Let o(s) = 2. Let g(i) = -12*i + 366. Let q(k) = g(k) + 30*o(k). What is the tens digit of q(0)?
2
Let j = -453 + 519. Let z = 1150 - j. What is the hundreds digit of z?
0
Let v(n) = 767*n**2 - 382*n**2 - 5*n - 386*n**2 + 36 + 119*n**3 - 11*n. What is the hundreds digit of v(2)?
9
Let x = -211 - -214. Suppose -3*h + 1272 = x*f, h + 3*f - 8*f = 430. What is the units digit of h?
5
Suppose 172*b - 14 = 174*b, -3*d = 3*b - 180894. What is the hundreds digit of d?
3
Suppose 3*g + 0*g - 13627 = -p + 12737, 0 = -4*p. What is the units digit of g?
8
Suppose -138*h + 664289 = -1953019. What is the tens digit of h?
6
Let c = 148065 + -84428. What is the hundreds digit of c?
6
Suppose -4*q = -26 + 14. Suppose q*f - f = 4*u - 476, u = -f + 122. What is the units digit of u?
0
Let l be (30/90)/(1/(-129) - 0). Let y = l - -47. What is the tens digit of (60/18)/(y/54)?
4
Suppose 5*k - 70 = 160. Let y = -3 + k. Suppose 5*z = -2*j - 0*j + y, 0 = -5*j - 5. What is the units digit of z?
9
Let w = 6323 + -12046. Let x = -4021 - w. What is the units digit of x?
2
Let a = -109419 + 154118. What is the thousands digit of a?
4
Suppose 171*l - 85302 = -2*h + 173*l, 4*h + 5*l = 170622. What is the units digit of h?
3
Suppose 87*i - 57*i = 233670. What is the thousands digit of i?
7
Suppose -63 = -4*s - 51. Suppose -16 = 4*t, 5*y + 504 - 2441 = s*t. What is the units digit of y?
5
Let z(h) = h**3 + 3*h**2 + 2*h + 240. Let m = 45 + -45. What is the tens digit of z(m)?
4
Let r be 1 + -2 + 0 + 3. Let a(t) be the third derivative of t**5/4 + t**4/8 - 2*t**3/3 - 2*t**2 - 14. What is the tens digit of a(r)?
6
Suppose -737*l = -745*l + 37464. What is the units digit of l?
3
Let l(i) = -147*i + 1. Let t be l(-1). Let j = 5780 - 5778. Suppose -t = -j*k + k. What is the tens digit of k?
4
Suppose -3*a = 2*u - 47958, 4039 = -2*a - 3*u + 36011. What is the tens digit of a?
8
Suppose 5*t - 2*u - 2*u + 1180 = 0, 0 = -t + u - 236. Suppose 0 = -19*z - 49*z - 2*z + 23520. Let w = t + z. What is the tens digit of w?
0
Suppose 5*u = g - 2, -4*g - 2*u + 8 = -0*g. Suppose -g*h + 5*q - 12 = 0, -2*q - 2*q + 4 = 4*h. What is the tens digit of (-14 - -13)*(-191 - h) + 1?
9
Let u(q) = -q**2 - 29*q + 59. Let w(k) = -k**2 - 2*k - 11. Let b be w(-5). What is the tens digit of u(b)?
3
Let q(l) be the third derivative of 21*l**2 + 1/2*l**3 + 1/6*l**4 + 151/60*l**5 + 0 + 0*l. What is the tens digit of q(-1)?
5
Let w be (95404/102)/((-2)/(-3)). Let m = w + -813. What is the units digit of m?
0
Let y = 27545 - 17099. What is the hundreds digit of y?
4
Suppose 0 = -4*a - 3*h + 57996, 18*a + 29000 = 20*a + h. What is the units digit of a?
2
Suppose q + 39 - 41 = 0. What is the units digit of (-105)/q*128/(-24)?
0
Suppose 4 = j, j + 14 = 2*z - 14. Let b(a) = 22 + 22*a**3 + 10*a**2 + 5*a - 23*a**3 + 6*a**2. What is the tens digit of b(z)?
0
Suppose -4*h + 2*g - 20 = 0, 4*h + 3*g = -0*g. Let v(l) = -3*l**2 - 5*l - 13. Let i be v(h). What is the units digit of (-17 - i)*111/4?
2
Suppose -53368 + 147204 + 149196 = 8*y. What is the ten thousands digit of y?
3
Let y be ((-9)/(-6) - 0)/((-6)/(-12)). Let f be (-4 + 13/y)/(1/195). What is the tens digit of ((1 - -3) + -3)*f?
6
Suppose 3*m = 2*x - 5579, 2*m = -7*x + 4*x + 8336. Let q = x + -1653. What is the hundreds digit of q?
1
Let w = -105 + 110. Suppose -3*b = 3*t - 87, 2*t - 2 = w*b - 119. What is the units digit of b?
5
Let f(u) = 23*u**2 + u + 2. Let t be 265/85 + -3 + 152/(-136). What is the units digit of f(t)?
4
Suppose 445441 = -65*q + 80*q - 139724. What is the ten thousands digit of q?
3
Let u be 319 - (-14 + 24)/((-4)/2*-1). Let h = 15 - 11. Suppose h*x = 574 + u. What is the tens digit of x?
2
Let p(z) = z**3 - 8*z - 2. Let o be p(-4). Let s be 1 + -2 + -2*o/(-4). Let a(x) = -9*x + 76. What is the hundreds digit of a(s)?
2
Let n be ((-100)/(-30))/(-1 - 1)*-42. Let b(a) = a**2 - 14*a + 11. Let c be b(13). What is the hundreds digit of 175 + c + n/14?
1
Let t = 48831 - 30249. What is the tens digit of t?
8
What is the tens digit of (8 - (-434)/(-49))*-22631 + 2?
0
Let g(d) = d**3 + 11*d**2 + 16*d - 11. Let u(f) = -2*f**2 - 1. Let m(p) = g(p) + 4*u(p). What is the tens digit of m(5)?
6
Let p(v) be the third derivative of v**6/720 + 2*v**5/15 - v**4/8 + 12*v**2. Let w(c) be the second derivative of p(c). What is the tens digit of w(0)?
1
Suppose 0 = -73*j + 1084068 + 315342. What is the tens digit of j?
7
Suppose -25*n - 1870 = -47*n. What is the thousands digit of n/51 - 4171/(-3)?
1
Let m = 5076 + -5079. Let q(s) = -2*s**2 + 4 - 4*s**2 - 12*s + 3*s**2. What is the units digit of q(m)?
3
Let t = 2131 - 1008. Suppose -5*r + 3*w = -0*w - 1129, 5*r - w - t = 0. What is the tens digit of r?
2
Let z = 581 + -625. Let w(f) = 54*f**2 + f - 1. Let l be w(1). Let g = z + l. What is the tens digit of g?
1
What is the tens digit of (16/28)/(-2) - ((-3877227)/63 + 17)?
2
Suppose 2*p - 15184 = 40*y - 42*y, -5*y - 37910 = -5*p. What is the tens digit of p?
8
Let f = -254 + 249. What is the units digit of 8 - (4 - (-20 + 0)/f)?
8
Let g(r) = -28*r + 10. Let w be g(-3). Suppose 2*x = 312 - w. What is the tens digit of x?
0
Suppose -51063 = -41*h + 32413. What is the thousands digit of h?
2
Suppose -s - 9 = -a, -2*a + s + 21 = 2*a. Suppose -2*w - a*b = b + 9, 9 = 3*w + 3*b. Let x(y) = 8*y + 16. What is the units digit of x(w)?
0
Suppose -5*j = -3*p + 217499, -p = -0*j - 5*j - 72503. What is the units digit of p?
8
Suppose -1095 = -28*a + 31*a. Let q = 96 - a. What is the hundreds digit of q?
4
Suppose -8*k - 29 - 371 = 0. Let o be (75/k)/(6/8). What is the units digit of (-3008)/(-24) + o/6?
5
Let n = 544 + 5320. What is the tens digit of n?
6
Let l = 49635 + -10336. What is the ten thousands digit of l?
3
Let t = 4459 + -4032. What is the tens digit of t?
2
Suppose -246*q + 25046952 = 125*q. What is the hundreds digit of q?
5
Suppose -43559 = 19*x + 4*k - 161725, k + 24866 = 4*x. What is the tens digit of x?
1
Let a(m) = 21*m**2 + 5*m + 258 + 18*m**2 + 21*m**2 - 59*m**2. What is the units digit of a(32)?
2
Let l = -125 - -130. Suppose -31 = -l*o - 6. Suppose -o*w - 7 = -6*w. What is the units digit of w?
7
Let m = -41 - -52. Let z = m - -24. What is the tens digit of z?
3
Let s(l) = 2*l**2 + 15*l + 49. Suppose -222*h + 215*h - 112 = 0. What is the hundreds digit of s(h)?
3
Let c = 49616 + -27138. What is the ten thousands digit of c?
2
Let a(m) be the first derivative of -33*m**4/4 + 3*m**2/2 + 2*m - 5. What is the units digit of a(-2)?
0
Let o = 34 - 32. Suppose -o*i - 2 = -3*i + a, -12 = -5*i + 4*a. Suppose -d = -i*f - 195, -d + 1000 = 4*d + 5*f. What is the tens digit of d?
9
Suppose 0 = -26*r + 2896 + 23728. What is the tens digit of r?
2
Let u(a) = 84*a**2 + 26*a + 87. What is the tens digit of u(-4)?
2
Let y be (-26)/(-8) + 2/(-8). Suppose -5 - 7 = -y*q. Suppose 20 = q*x, -5*i + 160 = 4*x - 6*x. What is the units digit of i?
4
Let s = -106703 - -157799. What is the thousands digit of s?
1
Suppose -750 = -31*v + v. Suppose 3*f = 4*n + 315, 27*n - v*n = -3*f + 297. What is the units digit of f?
1
Let l(c) be the second derivative of 427*c**3/3 - 31*c**2/2 + 256*c. What is the hundreds 